 Determine w(-3).
-49
Let x(a) = a**3 - 4*a**2 - 7. What is x(4)?
-7
Let i(y) = 3*y + 23. Calculate i(-10).
-7
Let p(s) = -2*s + 57. Give p(0).
57
Let u(m) = -m**3 - 5*m**2 + 6*m + 3. Give u(-5).
-27
Let n(q) = -q + 8. What is n(14)?
-6
Let i(b) = -16*b - 59. Determine i(-4).
5
Let q(a) = 3*a**2 + 2. Determine q(2).
14
Let x(w) = -2*w**2 - 13*w + 52. Calculate x(4).
-32
Let l(u) = -3*u + 62. Determine l(21).
-1
Let v(c) = c**3 - 6*c**2 + c - 2. Determine v(6).
4
Let a(j) = -6*j. Calculate a(8).
-48
Let o(b) = 15*b + 145. What is o(-10)?
-5
Let k(d) = 7*d - 4. Give k(-2).
-18
Let y(s) = -5*s + 20. Determine y(6).
-10
Let f(c) = c**3 - c**2 - 3*c - 11. Determine f(3).
-2
Let i(k) = -k**3 + 11*k**2 + 13*k - 17. What is i(12)?
-5
Let s(o) = -o**3 - o**2 + 9*o - 13. Calculate s(5).
-118
Let x(n) = n - 21. Give x(-15).
-36
Let x(k) = -k**2 + 39*k - 251. Determine x(8).
-3
Let l(v) = -4*v**2 - 34*v - 10. What is l(-8)?
6
Let h(o) = o**2 + 13*o + 28. What is h(-12)?
16
Let r(i) = -2*i**2 - 48*i - 47. What is r(-23)?
-1
Let r(q) = -2*q**3 + 16*q**2 - 19*q + 35. Calculate r(7).
0
Let j(d) = -6*d**2 - d. Give j(1).
-7
Let n(t) = t**2 + 16*t - 200. Determine n(8).
-8
Let x(r) = -6*r. What is x(2)?
-12
Let p(h) = h**3 - 16*h**2 + 51*h + 21. Give p(5).
1
Let w(i) = -5*i**2 + 2*i - 1. What is w(0)?
-1
Let z(o) = -2*o**2 - 4*o + 7. Determine z(-5).
-23
Let k(q) = -q**2 - 10*q - 2. Determine k(-3).
19
Let d(f) = f - 10. Give d(13).
3
Let y(r) = 4*r - 3. What is y(-8)?
-35
Let v(r) = 4*r - 37. Give v(4).
-21
Let n(f) = 2*f. Give n(1).
2
Let g(j) = -j**3 - 17*j**2 + 20*j + 7. Give g(-18).
-29
Let u(a) = -5*a - 14. Calculate u(-3).
1
Let s(t) = t**2 - 13*t + 3. Calculate s(9).
-33
Let y(p) = -9*p - 140. Calculate y(-15).
-5
Let h(p) = -p**2 - 14*p - 6. Give h(-15).
-21
Let n(r) = r**3 + 5*r**2 - 7*r - 6. Give n(-6).
0
Let b(q) = -q**2 + 62*q - 292. What is b(5)?
-7
Let u(a) = 2*a**2 + 24*a + 56. Give u(-8).
-8
Let j(s) = -s - 38. What is j(11)?
-49
Let i(a) = -2*a**2 + 20*a + 158. Determine i(-6).
-34
Let q(p) = -p**3 + 4*p**2 + p + 4. Give q(4).
8
Let h(g) = g**3 - 7*g**2 - 2*g - 4. Determine h(6).
-52
Let b(c) = 2*c**2 - 25*c + 6. What is b(9)?
-57
Let t(n) = n**3 + 8*n**2 + 6*n + 11. Determine t(-6).
47
Let u(r) = 155*r + 620. What is u(-4)?
0
Let a(y) = -4*y - 24. What is a(-7)?
4
Let j(f) = -14*f**2 + 4*f - 4. Determine j(3).
-118
Let c(q) = -q**3 + 4*q**2 + 17*q - 49. What is c(3)?
11
Let g(w) = 2*w**2 + 3*w. Give g(5).
65
Let o(i) = -5*i**2 + 84*i + 24. Calculate o(17).
7
Let w(c) = -2*c**3 - c**2 + 4*c + 5. What is w(-4)?
101
Let s(d) = 6*d**2 + 5*d. Calculate s(-2).
14
Let b(u) = -2*u**2 - u + 3. Calculate b(3).
-18
Let j(k) = -k**2 + 24*k - 67. What is j(21)?
-4
Let x(p) = -2*p**2 - 35*p - 20. Determine x(-17).
-3
Let h(g) = g**2 - 7*g - 3. Give h(9).
15
Let x(b) = b**2 + 15*b - 21. Calculate x(-18).
33
Let a(c) = -c**2 - 3*c + 96. Determine a(-12).
-12
Let u(z) = -5*z**2 - z + 15. Determine u(0).
15
Let q(j) = 4*j + 10. What is q(-9)?
-26
Let q(m) = 57*m - 293. Determine q(5).
-8
Let j(b) = 22*b - 65. Calculate j(4).
23
Let l(a) = -a**3 - a**2 + 8*a + 16. What is l(3)?
4
Let r(l) = 6*l**2 - 3*l + 2. Determine r(-1).
11
Let m(w) = w**3 - 13*w**2 - 15*w + 2. Determine m(14).
-12
Let x(v) = 39*v + 1. Give x(-1).
-38
Let h(a) = a**3 + 6*a**2 - 14*a + 15. Give h(-8).
-1
Let l(z) = z**2 + 30*z - 6. Give l(-30).
-6
Let a(r) = -r**2 + r + 26. What is a(5)?
6
Let l(d) = 8*d**2 + 27*d + 13. Give l(-3).
4
Let t(w) = -w**2 - 69*w + 298. Determine t(-73).
6
Let r(q) = 5*q - 19. What is r(5)?
6
Let f(w) = -3*w - 34. Give f(-9).
-7
Let v(i) = -48*i**3 - 4*i**2 + i + 1. Calculate v(1).
-50
Let y(n) = -n**2 + 7*n + 5. Determine y(3).
17
Let k(n) = -6*n - 23. Calculate k(-5).
7
Let d(x) = -7*x**3 + x**2 + 4*x - 3. Give d(2).
-47
Let c(y) = 3*y - 6. Give c(-4).
-18
Let y(b) = -2*b**2 - 2*b + 2. What is y(1)?
-2
Let l(i) = i**3 - 13*i**2 + 10*i + 16. Calculate l(12).
-8
Let o(b) = 4*b**2 + 8*b - 9. Determine o(7).
243
Let w(s) = -s**3 + 8*s**2 - 6*s - 1. Determine w(7).
6
Let n(v) = 7*v + 33. What is n(5)?
68
Let h(c) = 2*c**2 - 44*c + 8. Give h(22).
8
Let r(o) = -o**2 + 8*o + 8. Determine r(6).
20
Let n(y) = -y**3 + 14*y**2 - 25*y + 1. Give n(12).
-11
Let n(s) = s**3 + 30*s**2 + 53*s - 90. Give n(-28).
-6
Let w(c) = -9*c + 49. Give w(5).
4
Let v(s) = 5*s + 1. Give v(2).
11
Let u(p) = 4*p**2 - 37*p + 6. Determine u(9).
-3
Let r(h) = -h**3 - 4*h**2 + 12*h + 18. Calculate r(-7).
81
Let o(f) = -4*f**3 - 2*f**2 + 1. Determine o(1).
-5
Let h(u) = 2*u**3 - 3*u**2 + 2*u - 3. Give h(2).
5
Let n(h) = -h**2 + 6*h. Calculate n(-2).
-16
Let j(m) = m + 4. Determine j(-7).
-3
Let i(d) = d**3 - 34*d**2 + 32*d + 36. Determine i(33).
3
Let v(w) = w**3 + 7*w**2 - 18*w + 3. Determine v(-9).
3
Let c(b) = b**3 + 15*b**2 + 7*b + 37. Calculate c(-15).
-68
Let n(t) = t**2 + 2*t - 11. Determine n(-3).
-8
Let k(t) = -t**3 + 3*t**2 - t + 38. What is k(5)?
-17
Let n(a) = 3*a**2 + 27*a - 14. Give n(-8).
-38
Let p(y) = -y**2 - 24*y + 57. Give p(-25).
32
Let m(h) = 2*h - 34. Determine m(34).
34
Let i(h) = h + 9. Determine i(-13).
-4
Let h(t) = -7*t + 36. Give h(6).
-6
Let t(f) = -f**2 - 14*f - 45. Determine t(-10).
-5
Let u(p) = 130*p - 1298. Give u(10).
2
Let x(y) = y**3 + 22*y**2 - 46*y + 10. Determine x(-24).
-38
Let k(g) = 5*g**2 - 4*g - 2. What is k(-3)?
55
Let l(f) = -f + 6. Determine l(9).
-3
Let x(o) = o - 15. Give x(5).
-10
Let k(g) = -g**2 - g + 16. Determine k(-5).
-4
Let d(r) = -69*r + 968. Give d(14).
2
Let s(c) = -c**2 - 25*c - 47. Give s(-22).
19
Let v(y) = 43*y**2 + y. Determine v(1).
44
Let q(m) = -m**2 + 11*m - 13. Calculate q(9).
5
Let a(k) = -k + 11. What is a(5)?
6
Let k(s) = -s**2 + 11*s - 29. Determine k(13).
-55
Let f(q) = q**3 + 7*q**2 - q + 4. What is f(-6)?
46
Let y(k) = 3*k**2 - 3*k + 2. Calculate y(1).
2
Let b(s) = 41*s - 6. Calculate b(-4).
-170
Let b(k) = -k**3 + 8*k**2 - 9*k + 3. What is b(6)?
21
Let p(l) = -2*l**2 + 12*l + 27. Determine p(8).
-5
Let y(r) = 2*r**3 - 22*r**2 - 22*r - 27. Give y(12).
-3
Let y(q) = q + 7. Determine y(-6).
1
Let l(w) = -w + 1. Determine l(3).
-2
Let z(k) = -66*k + 202. What is z(3)?
4
Let m(p) = -p**3 + 10*p**2 + 12*p - 14. Calculate m(11).
-3
Let l(z) = -z**3 - 8*z - 16. Determine l(-4).
80
Let z(u) = -u**3 + 7*u**2 + 6*u + 17. Determine z(7).
59
Let g(d) = -d**2 - 11*d + 14. What is g(2)?
-12
Let b(q) = 31*q + 88. Calculate b(-3).
-5
Let t(h) = -h**2 + 5*h + 12. What is t(7)?
-2
Let l(w) = w**2 + 4*w - 116. What is l(-13)?
1
Let c(p) = -5*p**3 - 4*p**2 - 2*p + 1. What is c(-1)?
4
Let k(t) = 4*t - 13. Calculate k(5).
7
Let g(r) = -r**3 + 9*r**2 - 9*r + 8. Calculate g(8).
0
Let q(k) = -12*k + 70. Calculate q(6).
-2
Let a(u) = 3*u**2 - 16*u + 11. What is a(7)?
46
Let q(x) = x**3 - 17*x**2 + 25*x - 16. Determine q(16).
128
Let h(f) = -11*f - 224. Determine h(-19).
-15
Let s(i) = -i**2 + 12*i + 17. Give s(13).
4
Let x(h) = -6*h**2 - h + 6. Calculate x(2).
-20
Let r(p) = -p**2 + 10*p - 6. What is r(11)?
-17
Let x(p) = 15*p + 22. Determine x(-8).
-98
Let f(v) = 2*v**3 + 7*v**2 + 6*v - 1. Give f(-1).
-2
Let d(w) = w**2 + 9*w - 160. What is d(9)?
2
Let c(y) = -y**3 + 13*y**2 + 3. Calculate c(13).
3
Let q(c) = -c**2 + 9*c + 13. What is q(-2)?
-9
Let z(q) = -q**2 + 14. Determine z(-4).
-2
Let o(r) = -r**2 - 124. Determine o(0).
-124
Let o(z) = z**3 - 18*z**2 + 2*z - 36. Give o(18).
0
Let h(c) = -3*c**3 - 31*c**2 + 21*c - 27. Determine h(-11).
-16
Let o(c) = 4*c**2 + 123*c - 39. Give o(-31).
-8
Let f(a) = 2*a**3 + 13*a**2 - 29*a + 1. Calculate f(-8).
41
Let o(r) = -r**2 - 15*r + 154. Give o(-22).
0
Let h(n) = n**3 + 6*n**2 + n - 1. Calculate h(-6).
-7
Let h(a) = 18*a**3 + a - 2. Determine h(1).
17
Let x(s) = s**2 + s - 14. Give x(3).
-2
Let s(b) = b - 11. Determine s(-8).
-19
Let o(m) = 19*m + 1. Determine o(1).
20
Let q(o) = -o**2 - 10*o - 15. Give q(-9).
-6
Let k(v) = -118*v - 3. Determine k(-1).
115
Let p(r) = -3*r + 4. Calculate p(-8).
28
Let t(y) = -11*y + 36. Give t(4).
-8
Let p(i) = i**2 + 12*i - 13. Determine p(-12).
-13
Let d(p) = -6*p + 115. Give d(20).
-5
Let l(d) = -d**3 - 12*d**2 + 27*d - 7. What is l(-14)?
7
Let s(f) = 9*f - 1. Calculate s(4).
35
Let s(m) = -m**3 + 19*m**2 + 38*m + 71. What is s(21)?
-13
Let t(y) = 140*y + 2. Calcul